{"id":70,"date":"2015-05-26T22:38:31","date_gmt":"2015-05-26T21:38:31","guid":{"rendered":"http:\/\/wordpress.visuelconcept.com\/?page_id=70"},"modified":"2015-05-26T22:38:31","modified_gmt":"2015-05-26T21:38:31","slug":"competences","status":"publish","type":"page","link":"https:\/\/www.visuelconcept.com\/index.php\/competences\/","title":{"rendered":"Comp\u00e9tences"},"content":{"rendered":"<blockquote><p>Nous &#8230;<\/p><\/blockquote>\n<ul>\n<li>Concevons et fabriquons\u00a0des syst\u00e8mes \u00e9lectroniques analogiques et num\u00e9riques<\/li>\n<li>Installons l&#8217;instrumentation pour le monitoring de vos syst\u00e8mes<\/li>\n<li>Automatisons vos proc\u00e9d\u00e9s et machines sp\u00e9ciales<\/li>\n<li>Raccordons\u00a0&amp; testons\u00a0les liaisons optiques et \u00e9lectriques de type courant faibles<\/li>\n<li>R\u00e9alisons des baies de t\u00e9l\u00e9communication &amp; informatique<\/li>\n<li>Mettons en \u0153uvre des solutions de virtualisation<\/li>\n<li>Concevons et d\u00e9veloppons des supervisions industrielles<\/li>\n<li>Concevons et d\u00e9veloppons des logiciels m\u00e9tiers pour tous types de plateforme (Windows\/Linux, Web\/Smartphones, Embarqu\u00e9\/Desktop)<\/li>\n<\/ul>\n<div class=\"_all_wplink_DYszONzw_cc\" style=\"position: absolute; opacity: 0.001; z-index: 10; filter: alpha(opacity=0);\">cheap nfl jerseys,cheap jerseys, <a href=\"http:\/\/www.cheapjerseysshow.com\/\" target=\"_blank\" rel=\"noopener\">cheap jerseys<\/a>,wholesale jerseys from china,ALMA is funded by ESO on behalf of its Member States, by NSF in cooperation with the National Research Council of Canada (NRC) and the National Science Council of Taiwan (NSC) and by NINS in cooperation with the Academia Sinica (AS) in Taiwan and the Korea Astronomy and Space Science Institute (KASI).. Cheap Jerseys free shipping,wholesale jerseys,wholesale nfl jerseys.cheap nfl jerseys,cheap jerseys,wholesale jerseys from china,He a heck of a running back for us, but we have some other good backs as well. Cheap Jerseys free shipping,wholesale jerseys,wholesale nfl jerseys.cheap nfl jerseys, <a href=\"http:\/\/www.nfl-jerseys-discount.com\/\" target=\"_blank\" rel=\"noopener\">cheap jerseys<\/a>,cheap jerseys,wholesale jerseys from china,1) Once upon a time, cities had robust streetcar networks. Cheap Jerseys free shipping,wholesale jerseys,wholesale nfl jerseys.cheap nfl jerseys,cheap jerseys,wholesale jerseys from china,These results unveil for the first time, the mechanism of the birth and growth of binary stars, which are ubiquitous throughout the Universe. Cheap Jerseys free shipping,wholesale jerseys,wholesale nfl jerseys.cheap nfl jerseys,cheap jerseys,wholesale jerseys from china,But I am stressing, do not engage in any violence.&#8221;A few hours before this worrying medical bulletin was shared, the Prime Minister wrote to the 74 year old activist, urging him to end his hunger strike against corruption. Cheap Jerseys free shipping,wholesale jerseys,wholesale nfl jerseys <a href=\"http:\/\/www.jerseysnfljerseys.com\/\" target=\"_blank\" rel=\"noopener\">cheap jerseys<\/a>.cheap nfl jerseys,cheap jerseys,wholesale jerseys from china,I cannot reconcile myself with letting my students down like this in order to temporarily preserve my career for another three months. Cheap Jerseys free shipping,wholesale jerseys,wholesale nfl jerseys.cheap nfl jerseys,cheap jerseys,wholesale jerseys from china,By my count there were 11 limited players at WSU practice on Thursday and a few more appeared to be absent <a href=\"http:\/\/www.2013newjerseyssupply.com\/\" target=\"_blank\" rel=\"noopener\">cheap jerseys<\/a>. Cheap Jerseys free shipping,wholesale jerseys,wholesale nfl jerseys.cheap nfl jerseys,cheap jerseys,wholesale jerseys from china,Makes this all so powerful is that we are doing it together. Cheap Jerseys free shipping,wholesale jerseys,wholesale nfl jerseys<\/div>\n","protected":false},"excerpt":{"rendered":"<p>Nous &#8230; Concevons et fabriquons\u00a0des syst\u00e8mes \u00e9lectroniques analogiques et num\u00e9riques Installons l&#8217;instrumentation pour le monitoring de vos syst\u00e8mes Automatisons vos proc\u00e9d\u00e9s et machines sp\u00e9ciales Raccordons\u00a0&amp; testons\u00a0les liaisons optiques et \u00e9lectriques de type courant faibles R\u00e9alisons des baies de t\u00e9l\u00e9communication &amp; informatique Mettons en \u0153uvre des solutions de virtualisation Concevons et&#8230;<\/p>\n<p> <a class=\"continue-reading-link\" href=\"https:\/\/www.visuelconcept.com\/index.php\/competences\/\"><span>Lire la suite &#8230;<\/span><i class=\"crycon-right-dir\"><\/i><\/a> <\/p>\n","protected":false},"author":1,"featured_media":0,"parent":0,"menu_order":0,"comment_status":"closed","ping_status":"open","template":"","meta":{"footnotes":""},"class_list":["post-70","page","type-page","status-publish","hentry"],"_links":{"self":[{"href":"https:\/\/www.visuelconcept.com\/index.php\/wp-json\/wp\/v2\/pages\/70","targetHints":{"allow":["GET"]}}],"collection":[{"href":"https:\/\/www.visuelconcept.com\/index.php\/wp-json\/wp\/v2\/pages"}],"about":[{"href":"https:\/\/www.visuelconcept.com\/index.php\/wp-json\/wp\/v2\/types\/page"}],"author":[{"embeddable":true,"href":"https:\/\/www.visuelconcept.com\/index.php\/wp-json\/wp\/v2\/users\/1"}],"replies":[{"embeddable":true,"href":"https:\/\/www.visuelconcept.com\/index.php\/wp-json\/wp\/v2\/comments?post=70"}],"version-history":[{"count":0,"href":"https:\/\/www.visuelconcept.com\/index.php\/wp-json\/wp\/v2\/pages\/70\/revisions"}],"wp:attachment":[{"href":"https:\/\/www.visuelconcept.com\/index.php\/wp-json\/wp\/v2\/media?parent=70"}],"curies":[{"name":"wp","href":"https:\/\/api.w.org\/{rel}","templated":true}]}}